
Let u(k) = 14*k**3 - k**2 - 2*k + 2. Let f be (160/(-800))/(1*(-1)/5). Calculate u(f).
13
Let d(r) = -r**2 + 8*r + 2. Let j = -828 - -835. Give d(j).
9
Let q(m) = -m**3 + 6*m**2 - m - 4. Let d(w) = -w**3 + 9*w + 7. Let c(l) = -l**3 + l**2 + 8*l + 8. Let x(u) = 3*c(u) - 4*d(u). Let h be x(-5). Determine q(h).
-10
Let d be 16 + 1/((-6)/30). Let y(b) = -b**2 + 9*b + 11. Calculate y(d).
-11
Let w(f) = 3*f**3 - 10*f**2 - f + 14. Let i(d) = d**3. Let y(c) = -2*i(c) + w(c). Let u be y(10). Let x(s) = 4 - s**2 + 9*s - 3 - 4*s. Give x(u).
5
Let z(m) = -m**2 + 13 - m - 15 + 0*m**2. Let a = 120 + -86. Let b be (-9)/15 - a/10. Give z(b).
-14
Let f(t) = 5*t**3 + 19*t**2 - 6*t + 7. Let m(o) = 2*o**3 + 5*o**2 - o + 2. Let u(l) = -f(l) + 3*m(l). Let x = -3 + 5. What is u(x)?
-3
Let m be (-160)/(-26) - (-2)/(-13). Let l(h) = 4*h + 5. Let s(n) be the first derivative of 11*n**2/2 + 15*n - 3. Let u(t) = m*s(t) - 17*l(t). Determine u(4).
-3
Let x = -449 - -447. Let v(c) be the second derivative of -c**4/4 + c**3/3 + 3*c**2/2 + 4*c. What is v(x)?
-13
Let c(u) = u. Let j(d) = -12*d - 1. Let m(v) = v. Let r(s) = j(s) + 6*m(s). Let f(a) = -4*c(a) - r(a). Give f(-4).
-7
Let q(f) = 7*f**2 + 5*f - 17. Let o(m) = 4*m**2 + 3*m - 9. Let x(v) = -5*o(v) + 3*q(v). Let y be (-1 - -1)/(-1 + -1). Give x(y).
-6
Let v be (-1 - (-1)/4)/((-2)/8). Let t(q) = -q**2 + 4*q**3 + 2 - 12*q**v - 1 + 2*q + 2*q**2. What is t(-1)?
8
Let w(b) = b**2 + 6*b - 9. Suppose -2*m = a - 7 + 3, -2*m = 5*a - 4. Calculate w(m).
7
Let u(x) = -2*x**2 + 6*x**2 - 3*x - 2 - 2*x**2. Let b be 110/(-176) - 33/24. Give u(b).
12
Let q(o) = o**3 + 20*o**2 + 19*o - 4. Suppose -5*s = 5*u + 75, -102 = s + 5*u - 103. Calculate q(s).
-4
Let j(y) = -17*y. Let v = 43 + -42. Calculate j(v).
-17
Let w(r) = 39 - 22*r - 26*r + r**2 + 34*r - 8*r. What is w(18)?
-33
Let w(o) be the third derivative of -o**6/120 - 19*o**5/60 - 3*o**4/4 + 5*o**3/2 + 35*o**2. Give w(-18).
15
Let d(k) = 3*k - 10. Let w be d(5). Suppose -2*z - 5 = -w*p, 0*z - 3*z - p = -1. Let o(t) = t**2 - t + 6. Calculate o(z).
6
Let i(h) be the third derivative of -2/3*h**3 - 25*h**2 - 1/60*h**5 + 0*h - 1/120*h**6 + 0 - 1/24*h**4. Give i(0).
-4
Let i(k) be the first derivative of k**3/3 - 3*k**2/2 + 3*k - 62. Determine i(3).
3
Let j be (340/30)/((32/(-12))/4). Let n(a) = -a**2 - 19*a - 24. Calculate n(j).
10
Let o be 161/69 - 2/6. Let k(c) be the second derivative of -5*c + 1/2*c**o + 3/20*c**5 - 1/6*c**4 + 0*c**3 + 0. Give k(1).
2
Let z = 21 - 17. Let u be 0 - (-2 - 12/z). Let x(m) = 2 + 10*m**2 - 2 + 6*m - u*m. What is x(1)?
11
Let b(q) be the second derivative of q**4/12 - 2*q**3 - 7*q**2/2 + 17*q. Let m(p) = -3*p**2 + 35*p + 20. Let o(v) = -17*b(v) - 6*m(v). Calculate o(5).
-6
Let u(k) be the third derivative of k**7/2520 + k**6/360 + 3*k**5/20 - k**2. Let w(s) be the third derivative of u(s). What is w(3)?
8
Let s be 7/(-2) + 3/(-6). Let x(l) be the first derivative of l**4/4 + 4*l**3/3 + l**2/2 - 4*l + 169. What is x(s)?
-8
Let v(c) = -265*c + 13 + 133*c + 131*c. What is v(6)?
7
Let l(s) = -4*s. Let j be (-1)/11 + (-30)/33. Give l(j).
4
Let l(h) = h**2 + 5*h - 1. Suppose 5*m - 10 = 4*m. Let g(w) = -w**2 + 9*w + 3. Let b be g(m). Determine l(b).
13
Let s(r) = -r + 10. Let i be (4 - (-46)/(-14))*7. Determine s(i).
5
Suppose 0*g - g + 19 = -4*m, -5*g + 5*m + 35 = 0. Let k(d) = 2*d**3 - 12*d - 4*d**g + 11*d. Give k(-1).
3
Let v(s) = -s**2 + 4*s + 9. Let b(t) = 2*t**2 - 6*t - 14. Let f(x) = -5*b(x) - 8*v(x). Let d = 38 - 40. What is f(d)?
-6
Let s(d) = -d + 3. Let n(t) = -t**2 - 2*t + 27. Let b be n(3). Determine s(b).
-9
Let p be (38/(-209) - (-2)/11)/(-1). Let a be 0 + (0 - -2 - 2). Let i(o) = a*o**2 + o - 2*o + o**2 - 2. Calculate i(p).
-2
Let z(n) = -n**3 + n**2 + 6*n - 5. Let f(h) = -4*h**2 + 17*h - 12. Let t be f(3). Determine z(t).
-5
Let k(y) = y**3 + y**2 - y + 2. Let u be k(0). Let o(c) = -3*c - c**2 + 0*c**2 + 2 + u*c**2. Suppose -5*t - 5*p + 0 + 10 = 0, 0 = p. Give o(t).
0
Let l = 67 - 76. Let d(u) = -u**2 - 8*u + 1. Determine d(l).
-8
Let b(k) = -9*k + 14*k**2 - 9*k + k**3 + 10*k - 7*k + 14. Give b(-15).
14
Let a(p) be the third derivative of 0*p + 2/3*p**3 - 1/4*p**4 - 13*p**2 + 1/60*p**5 + 0. What is a(3)?
-5
Let x(s) be the first derivative of s**2/2 - 5*s + 1. Let p(v) be the third derivative of v**3/6 + 40*v**2 - 2*v. Let a(w) = -4*p(w) - x(w). Give a(-1).
2
Let i(z) = -z**2 + 5*z - 2. Let l(m) = m**3 + m**2 + 2*m + 1. Suppose 3*u - 2 = 4. Let p be l(u). Suppose -p*y + 6 = -14*y. Determine i(y).
4
Let t(s) be the third derivative of s**4/6 - s**3/6 + 4*s**2. Let k(m) = m**3 + 3*m**2 + 2*m + 2. Let p be k(0). What is t(p)?
7
Let q(s) = s**2 + 6*s + 2. Let t(u) = u**2 - 2*u - 41. Let c be t(-5). Determine q(c).
2
Suppose 14*c = 8*c + 126. Let v be ((-6)/(-4))/((c/(-2))/(-7)). Let o(d) = -2*d + 1. Determine o(v).
-1
Let u be 5*(-76)/(-30) - (-2)/(-3). Let t(v) = v**2 - 12*v - 9. Give t(u).
-9
Let m(f) be the first derivative of f**2 + 3*f + 26. What is m(-5)?
-7
Let p be (1 - 0)*-1*3. Let n(q) = 5*q - q**2 - 5*q - q**3. Let v(c) = 5*c**3 + 7*c**2 - 3*c - 2. Let i(j) = 4*n(j) + v(j). Calculate i(p).
7
Suppose 4*y - 6*y + 66 = 0. Suppose 13 + 27 = 2*d. Let k(f) = y*f - d*f - 16*f + 1. Calculate k(2).
-5
Let v(g) be the second derivative of -g**3/3 + 5*g**2/2 - 17*g - 4. Let u(a) = -a + 2. Let f be u(-4). Determine v(f).
-7
Let v(u) be the second derivative of 2*u**5/5 - u**4/12 + u**3/6 - 26*u. Calculate v(1).
8
Let c = -216 - -209. Let x(l) = -7*l + 4. Give x(c).
53
Suppose -157 = 22*y + 151. Let f(r) = r**2 + 16*r + 11. Give f(y).
-17
Let j(a) = -1 + 8*a + 10*a - 7*a - 4*a. Calculate j(-1).
-8
Let r be -9 - ((-2 + 2 - 5) + 0). Let z(l) = -l**3 - 3*l**2 + 5*l - 3. Calculate z(r).
-7
Let x(q) be the second derivative of q + 0*q**2 + 1/2*q**3 + 0 - 1/6*q**4. Let l(r) = 45*r - 1033. Let o be l(23). What is x(o)?
-2
Let l = -14 - -13. Let z(b) = 5*b**2 - 1. Let o be z(l). Let m(i) = 2*i**2 - 5*i - 2. Determine m(o).
10
Let y(z) be the third derivative of -z**4/24 - z**3/3 - 8*z**2. Let f be -3*2/3 + 9. Suppose 0 = -k + f*k. Determine y(k).
-2
Let l(a) = 24*a + 3 + 21*a - 42*a - 137*a**3 + 2*a**2 + 138*a**3. Give l(-4).
-41
Let z(n) = -1733 + 3471 - 10*n + n**2 - 1734. Determine z(6).
-20
Let v(p) be the second derivative of -2*p**3/3 - 2*p**2 - 112*p. Determine v(5).
-24
Let d(n) = n**3 + 2*n**2 + n + 3. Let m be d(0). Let j(u) = -2*u**2 + u - 4. What is j(m)?
-19
Let a(m) be the first derivative of m**4/4 + 17*m**3/3 + 8*m**2 - 273. Give a(-16).
0
Let g(n) = -n - n**2 - 6 - 4*n + n. Let a = -365 - -360. Determine g(a).
-11
Let r(z) = -2 + 0*z**2 - 2*z**2 + 6*z**2 + z - 3*z**2. Let f be (-8 - -9)/(1/38). Let y be f/(-9) - (-10)/45. Determine r(y).
10
Let m(g) = -18*g - 38. Let t be m(-2). Let o(w) = 3*w**2 - w - 2. What is o(t)?
12
Let v(l) = -l**3 - 4*l**2 - 3*l - 1. Suppose q + 10 = 4*i, 0 = 4*i - 8. Give v(q).
-3
Let d(u) = 5 + u**2 + 9*u**2 - 8*u**2 + 4*u - 4*u**2. Let j(w) = -3*w**2 + 3*w**2 - 2*w - w**2 - 2 + 2*w**2. Let l(h) = -3*d(h) - 7*j(h). Give l(1).
0
Let i be 14/77 - (-57)/(-11). Let d(b) be the third derivative of -b**6/120 - b**5/12 - b**4/24 - 2*b**3/3 + 6*b**2. What is d(i)?
1
Let n(x) = 11 - 11 + 672*x - 690*x. Give n(-2).
36
Let o(s) = 4*s**2 + 1. Let d(x) = x. Suppose -k - 5*v = 9 + 15, -2*v - 12 = -2*k. Let b be d(k). Suppose b = -0*m + m. Calculate o(m).
5
Let s(v) = -2*v**3 - 3*v + 0*v + v**3 + 5*v**2 + 2. Let d(z) = -z**3 + 12*z**2 - 20*z + 9. Let w be d(11). Let t be w/165 - (-78)/22. Determine s(t).
11
Let y(i) = -i**3 - 13*i**2 - 14. Suppose -2*r + 5*a = 1, a = 5*r + 67 - 7. Determine y(r).
-14
Let h(w) = -2*w**2 + 13*w - 4. Let d be h(5). Suppose -d + 7 = 4*x. Let y(c) be the third derivative of c**6/40 + c**5/60 - c**3/6 - 8*c**2. What is y(x)?
-3
Let c(v) = 3*v + 2. Let l be c(-2). Let j be l/14 - 14/(-49). Let y(f) = f**3 + f**2 - 6. What is y(j)?
-6
Let g = 22 - 39. Let m = 17 + g. Let h(t) = -t**3 + t**2 + t - 3. What is h(m)?
-3
Let y(k) = k**2 - 6*k + 3. Let b(x) = -3*x + 7. Let v be b(-2). Suppose -v*j = -18*j + 10. Give y(j).
-5
Let w = -42 + 45. Let n(l) = -2 - w*l + 0*l + 6*l + 0*l. What is n(2)?
4
Let u(w) = 7*w**2 - 3*w**2 - 1 + w**2. Let p be 1 + 0 - 12 - -10. What is u(p)?
4
Let i(y) = -y - 9. Let v be (